 composite number?
True
Is 704781679 composite?
True
Is 1383160439 composite?
True
Is 4942011827 composite?
True
Is 22717110919 a prime number?
False
Is 823556099 a prime number?
False
Is 1072370399 composite?
True
Is 2076708847 a composite number?
True
Is 8359729241 a prime number?
True
Is 104753879 prime?
True
Is 64598811 a prime number?
False
Is 13747652111 composite?
False
Is 41238733769 prime?
True
Is 152046617 a composite number?
True
Is 21924165209 prime?
False
Is 16990088009 a composite number?
False
Is 2726020049 prime?
False
Is 2952744583 composite?
False
Is 174810855497 a prime number?
True
Is 21012316493 a composite number?
True
Is 1199016431 a prime number?
True
Is 7854058343 a composite number?
True
Is 12028429263 a prime number?
False
Is 181216002979 a composite number?
True
Is 681296431 prime?
True
Is 28103860661 a composite number?
False
Is 531580019 a composite number?
True
Is 22207546541 a composite number?
True
Is 317117687 a composite number?
False
Is 636212273 a composite number?
False
Is 1571914433 a prime number?
False
Is 543110627 a composite number?
False
Is 1063169047 a prime number?
True
Is 11617854253 composite?
False
Is 206801882099 prime?
False
Is 748378392791 a prime number?
True
Is 192657910693 composite?
False
Is 1465985581 prime?
False
Is 456997973 prime?
False
Is 319196011 prime?
False
Is 30407010587 prime?
False
Is 273241333 prime?
False
Is 17021080787 prime?
False
Is 2719677241 a prime number?
True
Is 15857685859 prime?
False
Is 27050987387 composite?
False
Is 1243813151 a prime number?
False
Is 201512723 a prime number?
True
Is 19979648891 composite?
False
Is 24896919521 prime?
False
Is 5453377457 prime?
False
Is 68741942119 composite?
False
Is 296117766537 a composite number?
True
Is 287636539 prime?
False
Is 117616332059 composite?
False
Is 1185419951 composite?
False
Is 4582818949 composite?
False
Is 8963823137 a prime number?
True
Is 5976609511 prime?
False
Is 329658613 a composite number?
True
Is 434168099 a composite number?
True
Is 1605744317 composite?
False
Is 412946713 a composite number?
True
Is 2233801123 composite?
True
Is 660889471 composite?
True
Is 142848180119 a prime number?
True
Is 21674592061 a composite number?
False
Is 965389973 composite?
False
Is 141371639 composite?
True
Is 80029846927 a composite number?
True
Is 1534448581 composite?
True
Is 153776401453 prime?
True
Is 828888259 a prime number?
True
Is 2752143263 a composite number?
True
Is 8446003285 a composite number?
True
Is 1065156919 a prime number?
True
Is 998265647 a composite number?
False
Is 3758207447 composite?
False
Is 4126646839 composite?
True
Is 5086852861 prime?
False
Is 32420184469 composite?
True
Is 12817484005 a composite number?
True
Is 8195426513 prime?
True
Is 1394516909 prime?
False
Is 4181303851 a prime number?
True
Is 18042689699 composite?
False
Is 1191711299 a prime number?
True
Is 4509663101 composite?
False
Is 15218958091 composite?
False
Is 685144021 prime?
True
Is 205761566609 prime?
True
Is 24072871 composite?
True
Is 180164397251 a prime number?
True
Is 27213341 prime?
True
Is 991144331 prime?
True
Is 28006288517 a composite number?
False
Is 6784497623 a composite number?
False
Is 1080565411 composite?
False
Is 1479672503 prime?
False
Is 18109616083 a composite number?
True
Is 3372398299 prime?
False
Is 3299145947 a composite number?
False
Is 510130529 a composite number?
False
Is 292948889 a composite number?
True
Is 41323361 a composite number?
True
Is 2879382503 composite?
True
Is 67297778429 prime?
False
Is 3477381379 prime?
False
Is 768503839 a prime number?
False
Is 108651989035 a prime number?
False
Is 17359783261 composite?
False
Is 2506779367 a prime number?
True
Is 1319525507 prime?
True
Is 237866417 a composite number?
False
Is 28272123407 composite?
True
Is 4864517906 composite?
True
Is 1068152627 a composite number?
False
Is 1979437039 composite?
True
Is 333253891 a prime number?
True
Is 110659519 a composite number?
True
Is 2294279383 a prime number?
False
Is 7413281233 composite?
False
Is 6058683707 a prime number?
True
Is 1504818629 prime?
True
Is 9827542891 a prime number?
True
Is 391354991 a composite number?
False
Is 9951686735 prime?
False
Is 1848989707 a prime number?
False
Is 300163453 prime?
True
Is 1146323963 a prime number?
True
Is 616571411 composite?
True
Is 17160346999 composite?
True
Is 4886191283 composite?
False
Is 221622451 composite?
True
Is 270403937 a composite number?
False
Is 26997095287 a composite number?
False
Is 15853862021 a composite number?
False
Is 2498604187 a prime number?
False
Is 10669713463 a composite number?
True
Is 298411297 composite?
False
Is 1109283203 composite?
True
Is 1648170431 composite?
False
Is 13862433407 prime?
True
Is 12639433 a prime number?
True
Is 1442005427 a composite number?
True
Is 665772455 a composite number?
True
Is 7473752309 a prime number?
True
Is 1820819849 a composite number?
True
Is 2052248911 composite?
False
Is 6098635031 a prime number?
False
Is 197062127 a composite number?
False
Is 14344999418 a prime number?
False
Is 40329631 a composite number?
False
Is 318374337 a composite number?
True
Is 16351168877 a prime number?
False
Is 91038517 a prime number?
True
Is 11012695997 a composite number?
False
Is 40985499787 a prime number?
True
Is 2468760883 prime?
True
Is 156517602233 a composite number?
True
Is 396749560969 composite?
True
Is 153549067 composite?
True
Is 380000987 prime?
True
Is 495145199 a prime number?
True
Is 26440770853 prime?
False
Is 15569804777 composite?
True
Is 588899149 prime?
True
Is 550393709 composite?
False
Is 182036251 a composite number?
False
Is 20803220491 prime?
True
Is 27020433859 a composite number?
False
Is 73474728049 prime?
True
Is 727653637 composite?
True
Is 5280914491 a prime number?
True
Is 77993160891 composite?
True
Is 2570423587 composite?
False
Is 4674684601 a prime number?
False
Is 200810737 a composite number?
False
Is 83730347 prime?
True
Is 7654645477 a composite number?
True
Is 3396671087 a composite number?
False
Is 798066317 a prime number?
True
Is 8936156861 composite?
True
Is 11259554003 a prime number?
True
Is 962994887 prime?
True
Is 12559640449 composite?
False
Is 26104837567 a prime number?
True
Is 1207801513 prime?
True
Is 582131923 a composite number?
True
Is 101397185 a prime number?
False
Is 45659826139 composite?
True
Is 211028847 a composite number?
True
Is 14420390591 a composite number?
False
Is 337822694687 a composite number?
False
Is 38364892747 a composite number?
False
Is 9891202351 a prime number?
True
Is 67175539577 a prime number?
True
Is 1881107999 composite?
False
Is 75105078331 prime?
False
Is 26110663 a composite number?
True
Is 476994589 composite?
True
Is 9094454931 a prime number?
False
Is 251934641 a prime number?
False
Is 94705194061 a composite number?
False
Is 16511761447 a prime number?
True
Is 12639399209 a prime number?
True
Is 621112787 a composite number?
True
Is 511580053 a composite number?
True
Is 2674937677 composite?
False
Is 30132031331 a prime number?
True
Is 3807637861 a prime number?
True
Is 1275318557 prime?
True
Is 13378741183 composite?
False
Is 2149531151 composite?
False
Is 22237656011 prime?
True
Is 4761342967 composite?
False
Is 16303497943 a composite number?
False
Is 31820445587 composite?
True
Is 532816111 composite?
True
Is 8370769969 a prime number?
True
Is 16701017 a prime number?
True
Is 7981559389 a composite number?
False
Is 99390589 composite?
True
Is 598245797 a composite number?
False
Is 38318238283 a prime number?
False
Is 4215721201 a prime number?
True
Is 277832119 a prime number?
True
Is 333799607767 composite?
False
Is 143009302361 composite?
True
Is 1302720583 prime?
True
Is 53699661049 a composite number?
False
Is 26386265831 a composite number?
True
Is 506453251 a prime number?
True
Is 34628673883 prime?
True
Is 32696624179 a prime number?
True
Is 6511306385 a composite number?
True
Is 777714503 a composite number?
False
Is 267187003 a prime number?
True
Is 9181192219 a composite number?
False
Is 11994421913 composite?
True
Is 264735269 prime?
True
Is 18790521433 a prime number?
False
Is 2396611957 a prime number?
False
Is 52611003001 prime?
True
Is 13364087249 a composite number?
False
